{"id":381,"date":"2019-01-12T03:24:21","date_gmt":"2019-01-12T02:24:21","guid":{"rendered":"http:\/\/sportips.fr\/presentation-course\/?page_id=381"},"modified":"2019-06-17T14:12:59","modified_gmt":"2019-06-17T12:12:59","slug":"tvv-123km","status":"publish","type":"page","link":"https:\/\/sportips.fr\/presentation-course\/tvv-123km\/","title":{"rendered":"TVV &#8211; 123KM"},"content":{"rendered":"<p>[vc_row bg_type=&#8221;image&#8221; parallax_style=&#8221;vcpb-default&#8221; bg_image_new=&#8221;id^429|url^http:\/\/sportips.fr\/presentation-course\/wp-content\/uploads\/2019\/01\/BANDEAU-TVV1.jpg|caption^null|alt^null|title^BANDEAU TVV1|description^null&#8221; bg_image_repeat=&#8221;no-repeat&#8221; bg_override=&#8221;full&#8221; el_class=&#8221;section-header&#8221;][vc_column]<div id=\"ultimate-heading-930269e77793939e0\" class=\"uvc-heading ult-adjust-bottom-margin ultimate-heading-930269e77793939e0 uvc-2825 font-tvv\" data-hspacer=\"line_only\"  data-halign=\"center\" style=\"text-align:center\"><div class=\"uvc-main-heading ult-responsive\"  data-ultimate-target='.uvc-heading.ultimate-heading-930269e77793939e0 h1'  data-responsive-json-new='{\"font-size\":\"\",\"line-height\":\"\"}' ><h1 style=\"font-weight:bold;\">TRAVERSEE DE LA VALLEE VERTE<\/h1><\/div><div class=\"uvc-heading-spacer line_only\" style=\"topheight:4px;\"><span class=\"uvc-headings-line\" style=\"border-style:solid;border-bottom-width:4px;border-color:#41a526;width:50px;\"><\/span><\/div><\/div>[vc_empty_space height=&#8221;50px&#8221;][vc_row_inner el_id=&#8221;row-liens-distances&#8221;][vc_column_inner width=&#8221;1\/6&#8243;][\/vc_column_inner][vc_column_inner width=&#8221;1\/6&#8243;][vc_btn title=&#8221;123 KM &#8221; style=&#8221;classic&#8221; color=&#8221;green&#8221; size=&#8221;lg&#8221; align=&#8221;center&#8221; i_align=&#8221;right&#8221; i_icon_fontawesome=&#8221;fa fa-play&#8221; add_icon=&#8221;true&#8221; button_block=&#8221;true&#8221; link=&#8221;url:http%3A%2F%2Fsportips.fr%2Fpresentation-course%2Ftvv-123km%2F|||&#8221;][\/vc_column_inner][vc_column_inner width=&#8221;1\/6&#8243;][vc_btn title=&#8221;32 KM &#8221; style=&#8221;classic&#8221; color=&#8221;chino&#8221; size=&#8221;lg&#8221; align=&#8221;center&#8221; i_align=&#8221;right&#8221; i_icon_fontawesome=&#8221;fa fa-play&#8221; add_icon=&#8221;true&#8221; button_block=&#8221;true&#8221; link=&#8221;url:http%3A%2F%2Fsportips.fr%2Fpresentation-course%2Ftvv-32km%2F|||&#8221;][\/vc_column_inner][vc_column_inner width=&#8221;1\/6&#8243;][vc_btn title=&#8221;24 KM &#8221; style=&#8221;flat&#8221; color=&#8221;chino&#8221; size=&#8221;lg&#8221; align=&#8221;center&#8221; i_align=&#8221;right&#8221; i_icon_fontawesome=&#8221;fa fa-play&#8221; add_icon=&#8221;true&#8221; button_block=&#8221;true&#8221; link=&#8221;url:http%3A%2F%2Fsportips.fr%2Fpresentation-course%2Ftvv-24km%2F|||&#8221;][\/vc_column_inner][vc_column_inner width=&#8221;1\/6&#8243;][vc_btn title=&#8221;11 KM &#8221; style=&#8221;classic&#8221; color=&#8221;chino&#8221; size=&#8221;lg&#8221; align=&#8221;center&#8221; i_align=&#8221;right&#8221; i_icon_fontawesome=&#8221;fa fa-play&#8221; add_icon=&#8221;true&#8221; button_block=&#8221;true&#8221; link=&#8221;url:http%3A%2F%2Fsportips.fr%2Fpresentation-course%2Ftvv-11km%2F|||&#8221;][\/vc_column_inner][vc_column_inner width=&#8221;1\/6&#8243;][\/vc_column_inner][\/vc_row_inner][vc_row_inner el_id=&#8221;row-liens-course&#8221;][vc_column_inner width=&#8221;1\/3&#8243;][vc_btn title=&#8221;Facebook&#8221; style=&#8221;classic&#8221; shape=&#8221;square&#8221; color=&#8221;green&#8221; size=&#8221;lg&#8221; align=&#8221;right&#8221; link=&#8221;url:https%3A%2F%2Fwww.facebook.com%2Ftraverseedelavalleeverte%2F|||&#8221;][\/vc_column_inner][vc_column_inner width=&#8221;1\/3&#8243;][vc_btn title=&#8221;Site Web TVV&#8221; style=&#8221;classic&#8221; shape=&#8221;square&#8221; color=&#8221;green&#8221; size=&#8221;lg&#8221; align=&#8221;center&#8221; link=&#8221;url:http%3A%2F%2Ftraversee-vallee-verte.com%2F|||&#8221;][\/vc_column_inner][vc_column_inner width=&#8221;1\/3&#8243;][vc_btn title=&#8221;Inscription&#8221; style=&#8221;classic&#8221; shape=&#8221;square&#8221; color=&#8221;green&#8221; size=&#8221;lg&#8221; align=&#8221;left&#8221; link=&#8221;url:http%3A%2F%2Fsportips.fr%2FTVV19%2F|||&#8221;][\/vc_column_inner][\/vc_row_inner][\/vc_column][\/vc_row][vc_row bg_type=&#8221;bg_color&#8221; bg_override=&#8221;full&#8221; bg_color_value=&#8221;#332929&#8243;][vc_column]<div id=\"ultimate-heading-112369e7779393a5d\" class=\"uvc-heading ult-adjust-bottom-margin ultimate-heading-112369e7779393a5d uvc-50 \" data-hspacer=\"line_only\"  data-halign=\"center\" style=\"text-align:center\"><div class=\"uvc-main-heading ult-responsive\"  data-ultimate-target='.uvc-heading.ultimate-heading-112369e7779393a5d h1'  data-responsive-json-new='{\"font-size\":\"\",\"line-height\":\"\"}' ><h1 style=\"font-weight:bold;color:#ffffff;\">123KM - Sancy-Puy de D\u00f4me<\/h1><\/div><div class=\"uvc-heading-spacer line_only\" style=\"topheight:4px;\"><span class=\"uvc-headings-line\" style=\"border-style:solid;border-bottom-width:4px;border-color:#dd9933;width:50px;\"><\/span><\/div><\/div>[vc_empty_space height=&#8221;50px&#8221;][vc_row_inner equal_height=&#8221;yes&#8221; el_id=&#8221;row-block-courses&#8221;][vc_column_inner el_class=&#8221;block-courses-container&#8221; width=&#8221;1\/4&#8243;][vc_column_text el_class=&#8221;block-courses&#8221;]<img loading=\"lazy\" class=\"alignnone wp-image-31 size-full aligncenter\" src=\"http:\/\/sportips.fr\/presentation-course\/wp-content\/uploads\/2018\/09\/distance.png\" alt=\"\" width=\"30\" height=\"30\" \/><\/p>\n<p class=\"block-courses-titre\" style=\"text-align: center;\">Distance<\/p>\n<p class=\"block-courses-value\" style=\"text-align: center;\">123km<\/p>\n<p>[\/vc_column_text][\/vc_column_inner][vc_column_inner el_class=&#8221;block-courses-container&#8221; width=&#8221;1\/4&#8243;][vc_column_text el_class=&#8221;block-courses&#8221;]<img loading=\"lazy\" class=\"alignnone wp-image-29 size-full aligncenter\" src=\"http:\/\/sportips.fr\/presentation-course\/wp-content\/uploads\/2018\/09\/deniv.png\" alt=\"\" width=\"30\" height=\"30\" \/><\/p>\n<p class=\"block-courses-titre\" style=\"text-align: center;\">D\u00e9nivel\u00e9<\/p>\n<p class=\"block-courses-value\" style=\"text-align: center;\">4600 D+<\/p>\n<p>[\/vc_column_text][\/vc_column_inner][vc_column_inner el_class=&#8221;block-courses-container&#8221; width=&#8221;1\/4&#8243;][vc_column_text el_class=&#8221;block-courses&#8221;]<img loading=\"lazy\" class=\"alignnone size-full wp-image-36 aligncenter\" src=\"http:\/\/sportips.fr\/presentation-course\/wp-content\/uploads\/2018\/09\/hour.png\" alt=\"\" width=\"30\" height=\"30\" \/><\/p>\n<p class=\"block-courses-titre\" style=\"text-align: center;\">Temps limite<\/p>\n<p class=\"block-courses-value\" style=\"text-align: center;\">25h<\/p>\n<p>[\/vc_column_text][\/vc_column_inner][vc_column_inner el_class=&#8221;block-courses-container&#8221; width=&#8221;1\/4&#8243;][vc_column_text el_class=&#8221;block-courses&#8221;]<img loading=\"lazy\" class=\"alignnone wp-image-264 size-full aligncenter\" src=\"http:\/\/sportips.fr\/presentation-course\/wp-content\/uploads\/2018\/10\/Couverts.png\" alt=\"\" width=\"30\" height=\"30\" \/><\/p>\n<p class=\"block-courses-titre\" style=\"text-align: center;\">Ravitaillement<\/p>\n<p class=\"block-courses-value\" style=\"text-align: center;\">5<\/p>\n<p>[\/vc_column_text][\/vc_column_inner][\/vc_row_inner][vc_row_inner equal_height=&#8221;yes&#8221; el_id=&#8221;row-block-courses&#8221;][vc_column_inner el_class=&#8221;block-courses-container&#8221; width=&#8221;1\/4&#8243;][vc_column_text el_class=&#8221;block-courses&#8221;]<img loading=\"lazy\" class=\"wp-image-234 alignright\" src=\"http:\/\/sportips.fr\/presentation-course\/wp-content\/uploads\/2018\/10\/logo_fr-295x300.png\" alt=\"\" width=\"73\" height=\"74\" srcset=\"https:\/\/sportips.fr\/presentation-course\/wp-content\/uploads\/2018\/10\/logo_fr-295x300.png 295w, https:\/\/sportips.fr\/presentation-course\/wp-content\/uploads\/2018\/10\/logo_fr-150x150.png 150w, https:\/\/sportips.fr\/presentation-course\/wp-content\/uploads\/2018\/10\/logo_fr.png 447w\" sizes=\"(max-width: 73px) 100vw, 73px\" \/><\/p>\n<p>&nbsp;<\/p>\n<p class=\"block-courses-titre\">UTMB<\/p>\n<p class=\"block-courses-value\">5 Points<\/p>\n<p>[\/vc_column_text][\/vc_column_inner][vc_column_inner el_class=&#8221;block-courses-container&#8221; width=&#8221;1\/4&#8243;][vc_column_text el_class=&#8221;block-courses&#8221;]<img loading=\"lazy\" class=\"wp-image-242 alignright\" src=\"http:\/\/sportips.fr\/presentation-course\/wp-content\/uploads\/2018\/10\/member5-300x262.jpg\" alt=\"\" width=\"109\" height=\"95\" srcset=\"https:\/\/sportips.fr\/presentation-course\/wp-content\/uploads\/2018\/10\/member5-300x262.jpg 300w, https:\/\/sportips.fr\/presentation-course\/wp-content\/uploads\/2018\/10\/member5-768x671.jpg 768w, https:\/\/sportips.fr\/presentation-course\/wp-content\/uploads\/2018\/10\/member5.jpg 967w\" sizes=\"(max-width: 109px) 100vw, 109px\" \/><\/p>\n<p>&nbsp;<\/p>\n<p class=\"block-courses-titre\">Certifi\u00e9<\/p>\n<p>[\/vc_column_text][\/vc_column_inner][vc_column_inner el_class=&#8221;block-courses-container&#8221; width=&#8221;1\/4&#8243;][vc_column_text el_class=&#8221;block-courses&#8221;]<img loading=\"lazy\" class=\"alignnone wp-image-24 size-full aligncenter\" src=\"http:\/\/sportips.fr\/presentation-course\/wp-content\/uploads\/2018\/09\/arrival.png\" alt=\"\" width=\"30\" height=\"30\" \/><\/p>\n<p class=\"block-courses-titre\" style=\"text-align: center;\">Participants<\/p>\n<p class=\"block-courses-value\" style=\"text-align: center;\">400<\/p>\n<p>[\/vc_column_text][\/vc_column_inner][vc_column_inner el_class=&#8221;block-courses-container&#8221; width=&#8221;1\/4&#8243;][vc_column_text el_class=&#8221;block-courses&#8221;]<img loading=\"lazy\" class=\"alignnone wp-image-33 size-full aligncenter\" src=\"http:\/\/sportips.fr\/presentation-course\/wp-content\/uploads\/2018\/09\/flag.png\" alt=\"\" width=\"30\" height=\"30\" \/><\/p>\n<p class=\"block-courses-titre\" style=\"text-align: center;\">D\u00e9part\/Arriv\u00e9e<\/p>\n<p class=\"block-courses-value\" style=\"text-align: center;\">Lac Chambon<\/p>\n<p>[\/vc_column_text][\/vc_column_inner][\/vc_row_inner][vc_empty_space height=&#8221;50px&#8221;][vc_row_inner el_id=&#8221;row-date&#8221;][vc_column_inner width=&#8221;1\/3&#8243;][\/vc_column_inner][vc_column_inner el_class=&#8221;block-date&#8221; width=&#8221;1\/3&#8243;][vc_column_text el_class=&#8221;block-date&#8221;]<\/p>\n<p style=\"text-align: center;\">22\/06\/2019<\/p>\n<p style=\"text-align: center;\">19h00<\/p>\n<p>[\/vc_column_text][\/vc_column_inner][vc_column_inner width=&#8221;1\/3&#8243;][\/vc_column_inner][\/vc_row_inner][vc_empty_space height=&#8221;50px&#8221;][vc_row_inner el_id=&#8221;row-download&#8221;][vc_column_inner width=&#8221;1\/6&#8243;][\/vc_column_inner][vc_column_inner width=&#8221;1\/6&#8243;][\/vc_column_inner][vc_column_inner width=&#8221;1\/6&#8243;][vc_column_text]<a href=\"https:\/\/sportips.fr\/presentation-course\/?ddownload=587\" title=\"Fichier GPX\" rel=\"nofollow\" class=\"ddownload-button button-blue id-587 ext-gpx\">Fichier GPX<\/a>[\/vc_column_text][\/vc_column_inner][vc_column_inner width=&#8221;1\/6&#8243;][vc_column_text]<a href=\"https:\/\/sportips.fr\/presentation-course\/?ddownload=589\" title=\"R\u00e8glement\" rel=\"nofollow\" class=\"ddownload-button button-blue id-589 ext-pdf\">R\u00e8glement<\/a>[\/vc_column_text][\/vc_column_inner][vc_column_inner width=&#8221;1\/6&#8243;][\/vc_column_inner][vc_column_inner width=&#8221;1\/6&#8243;][\/vc_column_inner][\/vc_row_inner][\/vc_column][\/vc_row][vc_row full_width=&#8221;true&#8221; padding_left=&#8221;10&#8243; padding_right=&#8221;10&#8243; bg_type=&#8221;image&#8221; parallax_style=&#8221;vcpb-vz-jquery&#8221; bg_image_new=&#8221;id^427|url^http:\/\/sportips.fr\/presentation-course\/wp-content\/uploads\/2019\/01\/FOND-TVV.jpg|caption^null|alt^null|title^FOND TVV|description^null&#8221; bg_image_repeat=&#8221;no-repeat&#8221; bg_img_attach=&#8221;fixed&#8221; parallax_sense=&#8221;1.5&#8243; bg_override=&#8221;full&#8221;][vc_column][vc_row_inner el_id=&#8221;row-content&#8221; css=&#8221;.vc_custom_1536917465263{background-color: rgba(255,255,255,0.01) !important;*background-color: rgb(255,255,255) !important;}&#8221;][vc_column_inner width=&#8221;1\/6&#8243;][\/vc_column_inner][vc_column_inner el_class=&#8221;block-content&#8221; width=&#8221;2\/3&#8243;][vc_single_image image=&#8221;479&#8243; img_size=&#8221;300&#215;300&#8243; alignment=&#8221;center&#8221;][vc_empty_space height=&#8221;10px&#8221;]<div id=\"ultimate-heading-303169e7779394196\" class=\"uvc-heading ult-adjust-bottom-margin ultimate-heading-303169e7779394196 uvc-6703 \" data-hspacer=\"line_only\"  data-halign=\"center\" style=\"text-align:center\"><div class=\"uvc-main-heading ult-responsive\"  data-ultimate-target='.uvc-heading.ultimate-heading-303169e7779394196 h1'  data-responsive-json-new='{\"font-size\":\"desktop:40px;\",\"line-height\":\"\"}' ><h1 style=\"font-weight:bold;color:#0a0a0a;\">PRESENTATION<\/h1><\/div><div class=\"uvc-heading-spacer line_only\" style=\"margin-bottom:20px;height:3px;\"><span class=\"uvc-headings-line\" style=\"border-style:solid;border-bottom-width:3px;border-color:#41a526;width:50px;\"><\/span><\/div><\/div>[vc_column_text]N\u00e9 des travaux s\u00e9culaires du feu et de la glace, le Sancy est devenu le joyau du Massif Central\u2026Elev\u00e9 des entrailles de la terre, creus\u00e9 par les glaciers, ses cr\u00eates et ses vall\u00e9es attirent naturellement nos pas.<br \/>\nLa travers\u00e9e de la Vall\u00e9e verte vous transporte au c\u0153ur de cette ancienne lutte entre lave et glace et vous en fait t\u00e9moin.<\/p>\n<p>Ce Trail sera magnifique, fait de trac\u00e9s in\u00e9dits, les habitants de cette vall\u00e9e vont vous accueillir du mieux que l\u2019on puisse faire\u2026 en ouvrant dans certains cas uniquement pour vous leurs chemins\u2026des points de vues uniques et privil\u00e9gi\u00e9s sur les sommets, sur le lac.<br \/>\nLe rythme des changements de terrain sera \u00e9tonnant. Une terre, un lieu cr\u00e9\u00e9 pour y vivre, et pour y courir\u2026<\/p>\n<p>Il y a des \u00e9preuves qui vous marquent, vous guident ou vous inspirent.<br \/>\n<b>La Sancy-Puy de D\u00f4me<\/b>\u00a0est de celles-ci&#8230;<br \/>\nUne trace, deux sommets, un d\u00e9fi&#8230; Imagin\u00e9 par un homme, le Dr. Henri Desdames.<\/p>\n<p>Inspir\u00e9e des plus grandes classiques de courses de grand fond am\u00e9ricaines, l&#8217;\u00e9preuve pr\u00e9sente d\u00e9sormais une \u00e9volution tourn\u00e9e r\u00e9solument vers le challenge et le d\u00e9passement de soi. Une trace en aller-retour entre les deux sommets, la possibilit\u00e9 de faire le retour accompagn\u00e9 d&#8217;un \u00ab Pacer \u00bb.<br \/>\nSon parrain, Thomas Lorblanchet, premier champion du monde de trail, quadruple vainqueur des Templiers, vainqueur du Leadville Trail 100 Run.<\/p>\n<p>&nbsp;<\/p>\n<p>[\/vc_column_text][vc_single_image image=&#8221;475&#8243; img_size=&#8221;full&#8221; alignment=&#8221;center&#8221;][vc_column_text]<\/p>\n<p>Sancy Puy de D\u00f4me \u2013 123 km \u2013 80 \u20ac en solo repas compris, 92 \u20ac en relais \u00e0 2, repas compris[\/vc_column_text][vc_empty_space height=&#8221;50px&#8221;][vc_raw_html]JTNDaWZyYW1lJTIwc3JjJTNEJTIyaHR0cHMlM0ElMkYlMkZheXZyaS5jb20lMkZlbWJlZCUyRmU5azRkNzE0a28lMkZjanFuYWY2Y3YwMDAxM2E2NDVsNWt5ZHJsJTIyJTIwYWxsb3dmdWxsc2NyZWVuJTIwc3R5bGUlM0QlMjJ3aWR0aCUzQTEwMCUyNSUzQmhlaWdodCUzQTYwMHB4JTNCJTIyJTNFJTNDJTJGaWZyYW1lJTNF[\/vc_raw_html][vc_empty_space height=&#8221;50px&#8221;][vc_column_text]Pour rejoindre les diff\u00e9rents ravitaillements du parcours, cliquez sur le logo et lancez votre itin\u00e9raire.\u00a0\u00a0<a href=\"http:\/\/sportips.fr\/presentation-course\/wp-content\/uploads\/2018\/10\/Plaquette-Guidage-Google.jpg\" target=\"_blank\" rel=\"noopener\">Aide Guidage Map<\/a>[\/vc_column_text][vc_raw_html]JTNDaWZyYW1lJTIwc3JjJTNEJTIyaHR0cHMlM0ElMkYlMkZ3d3cuZ29vZ2xlLmNvbSUyRm1hcHMlMkZkJTJGdSUyRjIlMkZlbWJlZCUzRm1pZCUzRDFLejNJVnRLSTQxQm1aN0hsV0E0OWpMX1luSEJ5d3ltYiUyMiUyMHN0eWxlJTNEJTIyd2lkdGglM0ExMDAlMjUlM0JoZWlnaHQlM0E2MDBweCUzQiUyMiUzRSUzQyUyRmlmcmFtZSUzRQ==[\/vc_raw_html][vc_column_text]<\/p>\n<h4>Temps limites et Barri\u00e8res horaires :<\/h4>\n<p class=\"s1\">Pour la Sancy Puy de d\u00f4me 123 km \u2013 temps limite 25h<\/p>\n<p>Pour des raisons de s\u00e9curit\u00e9 les concurrents arrivant apr\u00e8s :<\/p>\n<ul>\n<li>\n<ul>\n<li>8h30 au Puy de D\u00f4me<\/li>\n<li>16h30 au col de la Croix St Robert<\/li>\n<li>18h \u00e0 Chambon des neiges<\/li>\n<\/ul>\n<\/li>\n<\/ul>\n<p>Seront ramen\u00e9s par l\u2019organisation.<\/p>\n<p>&nbsp;<\/p>\n<p><span lang=\"fr\">&#8211;\u00a0<\/span><span lang=\"fr\">A<\/span><span lang=\"fr\">u col de Ceyssat,\u00a0\u00a0<\/span><span lang=\"fr\">Barri\u00e8re horaire<\/span><span lang=\"fr\">, les individuels sont stopp\u00e9s, le premier relayeur doit \u00eatre mont\u00e9 au sommet du PDD et redescendu pour 8h30. A 8h30, les deuxi\u00e8mes relayeurs doivent partir sans attendre les premiers relayeurs. Une p\u00e9nalit\u00e9 \u00e9gale au temps de retard du premier relayeur sera attribu\u00e9e \u00e0 l\u2019\u00e9quipe. Les premiers relayeurs finissent de monter par les muletiers, ils sont pris en charge au relai. Indiquer les num\u00e9ros de dossard au pc course.<\/span>[\/vc_column_text][vc_empty_space height=&#8221;50px&#8221;][vc_single_image image=&#8221;495&#8243; img_size=&#8221;full&#8221; alignment=&#8221;center&#8221;][\/vc_column_inner][vc_column_inner width=&#8221;1\/6&#8243;][\/vc_column_inner][\/vc_row_inner][vc_empty_space height=&#8221;100px&#8221;][vc_row_inner css=&#8221;.vc_custom_1536917153449{background-color: rgba(12,12,12,0.43) !important;*background-color: rgb(12,12,12) !important;}&#8221;][vc_column_inner]<div id=\"ultimate-heading-376369e777939420c\" class=\"uvc-heading ult-adjust-bottom-margin ultimate-heading-376369e777939420c uvc-4387 \" data-hspacer=\"line_only\"  data-halign=\"center\" style=\"text-align:center\"><div class=\"uvc-main-heading ult-responsive\"  data-ultimate-target='.uvc-heading.ultimate-heading-376369e777939420c h2'  data-responsive-json-new='{\"font-size\":\"\",\"line-height\":\"\"}' ><h2 style=\"font-weight:bold;color:#ffffff;\">PARTENAIRES<\/h2><\/div><div class=\"uvc-heading-spacer line_only\" style=\"topheight:3px;\"><span class=\"uvc-headings-line\" style=\"border-style:solid;border-bottom-width:3px;border-color:#dd9933;width:50px;\"><\/span><\/div><\/div>[vc_empty_space height=&#8221;20px&#8221;]<div id=\"ult-carousel-128887729969e7779394366\" class=\"ult-carousel-wrapper  carroussel-partenaires ult_horizontal\" data-gutter=\"15\" data-rtl=\"false\" ><div class=\"ult-carousel-172261128369e777939426c \" >[vc_single_image image=&#8221;414&#8243; img_size=&#8221;full&#8221; alignment=&#8221;center&#8221; onclick=&#8221;custom_link&#8221; link=&#8221;https:\/\/www.regieair.com\/&#8221;][vc_single_image image=&#8221;415&#8243; img_size=&#8221;full&#8221; alignment=&#8221;center&#8221; onclick=&#8221;custom_link&#8221; link=&#8221;https:\/\/www.facebook.com\/ArverneEvenements\/&#8221;][vc_single_image image=&#8221;416&#8243; img_size=&#8221;full&#8221; alignment=&#8221;center&#8221; onclick=&#8221;custom_link&#8221; link=&#8221;http:\/\/www.r3i.fr\/&#8221;][vc_single_image image=&#8221;417&#8243; img_size=&#8221;full&#8221; alignment=&#8221;center&#8221; onclick=&#8221;custom_link&#8221; link=&#8221;http:\/\/www.athlerun.com\/&#8221;][vc_single_image image=&#8221;418&#8243; img_size=&#8221;full&#8221; alignment=&#8221;center&#8221; onclick=&#8221;custom_link&#8221; link=&#8221;https:\/\/chambonsurlac.fr\/&#8221;][vc_single_image image=&#8221;404&#8243; img_size=&#8221;full&#8221; alignment=&#8221;center&#8221; onclick=&#8221;custom_link&#8221; link=&#8221;http:\/\/traversee-vallee-verte.com\/&#8221;]<\/div><\/div>            <script type=\"text\/javascript\">\n\t\t\t\tjQuery(document).ready(function($){\n               \t\t$('.ult-carousel-172261128369e777939426c').slick({dots: true,autoplay: true,autoplaySpeed: 5000,speed: 300,infinite: true,arrows: false,slidesToScroll:5,slidesToShow:5,swipe: true,draggable: true,touchMove: true,responsive: [\n\t\t\t\t\t\t\t{\n\t\t\t\t\t\t\t  breakpoint: 1025,\n\t\t\t\t\t\t\t  settings: {\n\t\t\t\t\t\t\t\tslidesToShow: 5,\n\t\t\t\t\t\t\t\tslidesToScroll: 5,  \n\t\t\t\t\t\t\t  }\n\t\t\t\t\t\t\t},\n\t\t\t\t\t\t\t{\n\t\t\t\t\t\t\t  breakpoint: 769,\n\t\t\t\t\t\t\t  settings: {\n\t\t\t\t\t\t\t\tslidesToShow: 3,\n\t\t\t\t\t\t\t\tslidesToScroll: 3\n\t\t\t\t\t\t\t  }\n\t\t\t\t\t\t\t},\n\t\t\t\t\t\t\t{\n\t\t\t\t\t\t\t  breakpoint: 481,\n\t\t\t\t\t\t\t  settings: {\n\t\t\t\t\t\t\t\tslidesToShow: 2,\n\t\t\t\t\t\t\t\tslidesToScroll: 2\n\t\t\t\t\t\t\t  }\n\t\t\t\t\t\t\t}\n\t\t\t\t\t\t],pauseOnHover: true,\n\t\t\t\t\t\tpauseOnDotsHover: true,customPaging: function(slider, i) {\n                   return '<i type=\"button\" style=\"color:#dd9933;\" class=\"ultsl-record\" data-role=\"none\"><\/i>';\n                },});\n\t\t\t\t});\n\t\t\t<\/script>\n            [\/vc_column_inner][\/vc_row_inner][\/vc_column][\/vc_row]<\/p>\n","protected":false},"excerpt":{"rendered":"<p>[vc_row bg_type=&#8221;image&#8221; parallax_style=&#8221;vcpb-default&#8221; bg_image_new=&#8221;id^429|url^http:\/\/sportips.fr\/presentation-course\/wp-content\/uploads\/2019\/01\/BANDEAU-TVV1.jpg|caption^null|alt^null|title^BANDEAU TVV1|description^null&#8221; bg_image_repeat=&#8221;no-repeat&#8221; bg_override=&#8221;full&#8221; el_class=&#8221;section-header&#8221;][vc_column][vc_empty_space height=&#8221;50px&#8221;][vc_row_inner el_id=&#8221;row-liens-distances&#8221;][vc_column_inner width=&#8221;1\/6&#8243;][\/vc_column_inner][vc_column_inner width=&#8221;1\/6&#8243;][vc_btn title=&#8221;123 KM &#8221; style=&#8221;classic&#8221; color=&#8221;green&#8221; size=&#8221;lg&#8221; align=&#8221;center&#8221; i_align=&#8221;right&#8221; i_icon_fontawesome=&#8221;fa fa-play&#8221; add_icon=&#8221;true&#8221; button_block=&#8221;true&#8221; link=&#8221;url:http%3A%2F%2Fsportips.fr%2Fpresentation-course%2Ftvv-123km%2F|||&#8221;][\/vc_column_inner][vc_column_inner width=&#8221;1\/6&#8243;][vc_btn title=&#8221;32 KM &#8221; style=&#8221;classic&#8221; color=&#8221;chino&#8221; size=&#8221;lg&#8221; align=&#8221;center&#8221; i_align=&#8221;right&#8221; i_icon_fontawesome=&#8221;fa fa-play&#8221; add_icon=&#8221;true&#8221; button_block=&#8221;true&#8221; link=&#8221;url:http%3A%2F%2Fsportips.fr%2Fpresentation-course%2Ftvv-32km%2F|||&#8221;][\/vc_column_inner][vc_column_inner width=&#8221;1\/6&#8243;][vc_btn title=&#8221;24 KM &#8221; style=&#8221;flat&#8221; color=&#8221;chino&#8221; size=&#8221;lg&#8221; align=&#8221;center&#8221; i_align=&#8221;right&#8221; i_icon_fontawesome=&#8221;fa fa-play&#8221; add_icon=&#8221;true&#8221; button_block=&#8221;true&#8221; link=&#8221;url:http%3A%2F%2Fsportips.fr%2Fpresentation-course%2Ftvv-24km%2F|||&#8221;][\/vc_column_inner][vc_column_inner width=&#8221;1\/6&#8243;][vc_btn title=&#8221;11&hellip;<\/p>\n","protected":false},"author":1,"featured_media":0,"parent":0,"menu_order":0,"comment_status":"closed","ping_status":"closed","template":"","meta":[],"_links":{"self":[{"href":"https:\/\/sportips.fr\/presentation-course\/wp-json\/wp\/v2\/pages\/381"}],"collection":[{"href":"https:\/\/sportips.fr\/presentation-course\/wp-json\/wp\/v2\/pages"}],"about":[{"href":"https:\/\/sportips.fr\/presentation-course\/wp-json\/wp\/v2\/types\/page"}],"author":[{"embeddable":true,"href":"https:\/\/sportips.fr\/presentation-course\/wp-json\/wp\/v2\/users\/1"}],"replies":[{"embeddable":true,"href":"https:\/\/sportips.fr\/presentation-course\/wp-json\/wp\/v2\/comments?post=381"}],"version-history":[{"count":48,"href":"https:\/\/sportips.fr\/presentation-course\/wp-json\/wp\/v2\/pages\/381\/revisions"}],"predecessor-version":[{"id":600,"href":"https:\/\/sportips.fr\/presentation-course\/wp-json\/wp\/v2\/pages\/381\/revisions\/600"}],"wp:attachment":[{"href":"https:\/\/sportips.fr\/presentation-course\/wp-json\/wp\/v2\/media?parent=381"}],"curies":[{"name":"wp","href":"https:\/\/api.w.org\/{rel}","templated":true}]}}