{"id":788,"date":"2020-02-13T15:26:47","date_gmt":"2020-02-13T14:26:47","guid":{"rendered":"https:\/\/sportips.fr\/presentation-course\/?page_id=788"},"modified":"2025-02-07T15:04:21","modified_gmt":"2025-02-07T14:04:21","slug":"les-3-cols","status":"publish","type":"page","link":"https:\/\/sportips.fr\/presentation-course\/les-3-cols\/","title":{"rendered":"Les 3 Cols"},"content":{"rendered":"<p>[vc_row bg_type=&#8221;image&#8221; parallax_style=&#8221;vcpb-default&#8221; bg_image_new=&#8221;id^814|url^https:\/\/sportips.fr\/presentation-course\/wp-content\/uploads\/2020\/02\/3-cols-2019-web.jpg|caption^null|alt^null|title^3 cols 2019 web|description^null&#8221; bg_image_repeat=&#8221;no-repeat&#8221; bg_override=&#8221;full&#8221; el_class=&#8221;section-header&#8221;][vc_column]<div id=\"ultimate-heading-41986a049515a2c1d\" class=\"uvc-heading ult-adjust-bottom-margin ultimate-heading-41986a049515a2c1d uvc-2285 \" data-hspacer=\"line_only\"  data-halign=\"center\" style=\"text-align:center\"><div class=\"uvc-main-heading ult-responsive\"  data-ultimate-target='.uvc-heading.ultimate-heading-41986a049515a2c1d h1'  data-responsive-json-new='{\"font-size\":\"\",\"line-height\":\"\"}' ><h1 style=\"font-weight:bold;color:#ffffff;\">LES 3 COLS<\/h1><\/div><div class=\"uvc-heading-spacer line_only\" style=\"topheight:4px;\"><span class=\"uvc-headings-line\" style=\"border-style:solid;border-bottom-width:4px;border-color:#41a526;width:50px;\"><\/span><\/div><\/div>[vc_empty_space height=&#8221;50px&#8221;][vc_row_inner el_id=&#8221;row-liens-course&#8221;][vc_column_inner width=&#8221;1\/3&#8243;][vc_btn title=&#8221;Facebook&#8221; style=&#8221;classic&#8221; shape=&#8221;square&#8221; color=&#8221;green&#8221; size=&#8221;lg&#8221; align=&#8221;right&#8221; link=&#8221;url:https%3A%2F%2Fwww.facebook.com%2Fclub.cycliste.ubaye%2F&#8221;][\/vc_column_inner][vc_column_inner width=&#8221;1\/3&#8243;][vc_btn title=&#8221;Site Web&#8221; style=&#8221;classic&#8221; shape=&#8221;square&#8221; color=&#8221;green&#8221; size=&#8221;lg&#8221; align=&#8221;center&#8221; link=&#8221;url:http%3A%2F%2Fwww.club-cycliste-ubaye.com%2F|||&#8221;][\/vc_column_inner][vc_column_inner width=&#8221;1\/3&#8243;][vc_btn title=&#8221;Inscription&#8221; style=&#8221;classic&#8221; shape=&#8221;square&#8221; color=&#8221;green&#8221; size=&#8221;lg&#8221; align=&#8221;left&#8221; link=&#8221;url:https%3A%2F%2Fsportips.fr%2F3COL25%2F|target:_blank&#8221;][\/vc_column_inner][\/vc_row_inner][\/vc_column][\/vc_row][vc_row bg_type=&#8221;bg_color&#8221; bg_override=&#8221;full&#8221; bg_color_value=&#8221;#332929&#8243;][vc_column]<div id=\"ultimate-heading-65916a049515a2c97\" class=\"uvc-heading ult-adjust-bottom-margin ultimate-heading-65916a049515a2c97 uvc-7956 \" data-hspacer=\"line_only\"  data-halign=\"center\" style=\"text-align:center\"><div class=\"uvc-main-heading ult-responsive\"  data-ultimate-target='.uvc-heading.ultimate-heading-65916a049515a2c97 h1'  data-responsive-json-new='{\"font-size\":\"\",\"line-height\":\"\"}' ><h1 style=\"font-weight:bold;color:#ffffff;\">48\u00e8me EDITION<\/h1><\/div><div class=\"uvc-heading-spacer line_only\" style=\"topheight:4px;\"><span class=\"uvc-headings-line\" style=\"border-style:solid;border-bottom-width:4px;border-color:#dd9933;width:50px;\"><\/span><\/div><\/div>[vc_empty_space height=&#8221;50px&#8221;][vc_row_inner equal_height=&#8221;yes&#8221; el_id=&#8221;row-block-courses&#8221;][vc_column_inner el_class=&#8221;block-courses-container&#8221; width=&#8221;1\/4&#8243;][vc_column_text el_class=&#8221;block-courses&#8221;]<img loading=\"lazy\" class=\"alignnone wp-image-31 size-full aligncenter\" src=\"http:\/\/sportips.fr\/presentation-course\/wp-content\/uploads\/2018\/09\/distance.png\" alt=\"\" width=\"30\" height=\"30\" \/><\/p>\n<p class=\"block-courses-titre\" style=\"text-align: center;\">Distance<\/p>\n<p class=\"block-courses-value\" style=\"text-align: center;\">122km \/ 59km<\/p>\n<p>[\/vc_column_text][\/vc_column_inner][vc_column_inner el_class=&#8221;block-courses-container&#8221; width=&#8221;1\/4&#8243;][vc_column_text el_class=&#8221;block-courses&#8221;]<img loading=\"lazy\" class=\"wp-image-791 size-full aligncenter\" src=\"https:\/\/sportips.fr\/presentation-course\/wp-content\/uploads\/2020\/02\/Icon-v\u00e9lo.png\" alt=\"\" width=\"30\" height=\"30\" \/><\/p>\n<p class=\"block-courses-titre\" style=\"text-align: center;\">Participants<\/p>\n<p class=\"block-courses-value\" style=\"text-align: center;\">500<\/p>\n<p>[\/vc_column_text][\/vc_column_inner][vc_column_inner el_class=&#8221;block-courses-container&#8221; width=&#8221;1\/4&#8243;][vc_column_text el_class=&#8221;block-courses&#8221;]<img loading=\"lazy\" class=\"wp-image-38 size-full aligncenter\" src=\"https:\/\/sportips.fr\/presentation-course\/wp-content\/uploads\/2018\/09\/sign.png\" alt=\"\" width=\"30\" height=\"30\" \/><\/p>\n<p class=\"block-courses-titre\" style=\"text-align: center;\">Col d&#8217;Allos \/ Col des Champs<\/p>\n<p class=\"block-courses-titre\" style=\"text-align: center;\">Col de la Cayolle<\/p>\n<div id=\"gtx-trans\" style=\"position: absolute; left: 837px; top: 107px;\">\n<div class=\"gtx-trans-icon\"><\/div>\n<\/div>\n<p>[\/vc_column_text][\/vc_column_inner][vc_column_inner el_class=&#8221;block-courses-container&#8221; width=&#8221;1\/4&#8243;][vc_column_text el_class=&#8221;block-courses&#8221;]<img loading=\"lazy\" class=\"alignnone wp-image-264 size-full aligncenter\" src=\"http:\/\/sportips.fr\/presentation-course\/wp-content\/uploads\/2018\/10\/Couverts.png\" alt=\"\" width=\"30\" height=\"30\" \/><\/p>\n<p class=\"block-courses-titre\" style=\"text-align: center;\">Repas \u00e0 l&#8217;arriv\u00e9e<\/p>\n<div id=\"gtx-trans\" style=\"position: absolute; left: 818px; top: 69px;\">\n<div class=\"gtx-trans-icon\"><\/div>\n<\/div>\n<p>[\/vc_column_text][\/vc_column_inner][\/vc_row_inner][vc_row_inner equal_height=&#8221;yes&#8221; el_id=&#8221;row-block-courses&#8221;][vc_column_inner el_class=&#8221;block-courses-container&#8221; width=&#8221;1\/4&#8243;][vc_column_text el_class=&#8221;block-courses&#8221;]<img loading=\"lazy\" class=\"wp-image-36 size-full aligncenter\" src=\"https:\/\/sportips.fr\/presentation-course\/wp-content\/uploads\/2018\/09\/hour.png\" alt=\"\" width=\"30\" height=\"30\" \/><\/p>\n<p class=\"block-courses-titre\" style=\"text-align: center;\">D\u00e9part Libre<\/p>\n<p class=\"block-courses-value\" style=\"text-align: center;\">6h15 \u00e0 8h30<\/p>\n<div id=\"gtx-trans\" style=\"position: absolute; left: 827px; top: 56px;\">\n<div class=\"gtx-trans-icon\"><\/div>\n<\/div>\n<p>[\/vc_column_text][\/vc_column_inner][vc_column_inner el_class=&#8221;block-courses-container&#8221; width=&#8221;1\/4&#8243;][vc_column_text el_class=&#8221;block-courses&#8221;]<img loading=\"lazy\" class=\"wp-image-28 size-full aligncenter\" src=\"https:\/\/sportips.fr\/presentation-course\/wp-content\/uploads\/2018\/09\/coffee.png\" alt=\"\" width=\"30\" height=\"30\" \/><\/p>\n<p class=\"block-courses-titre\" style=\"text-align: center;\">3 Ravitaillement<\/p>\n<p class=\"block-courses-value\" style=\"text-align: center;\">sur le parcours<\/p>\n<div id=\"gtx-trans\" style=\"position: absolute; left: 805px; top: 24px;\">\n<div class=\"gtx-trans-icon\"><\/div>\n<\/div>\n<p>[\/vc_column_text][\/vc_column_inner][vc_column_inner el_class=&#8221;block-courses-container&#8221; width=&#8221;1\/4&#8243;][vc_column_text el_class=&#8221;block-courses&#8221;]<img loading=\"lazy\" class=\"alignnone wp-image-33 size-full aligncenter\" src=\"http:\/\/sportips.fr\/presentation-course\/wp-content\/uploads\/2018\/09\/flag.png\" alt=\"\" width=\"30\" height=\"30\" \/><\/p>\n<p class=\"block-courses-titre\" style=\"text-align: center;\">D\u00e9part\/Arriv\u00e9e<\/p>\n<p class=\"block-courses-value\" style=\"text-align: center;\">Barcelonnette<\/p>\n<p style=\"text-align: center;\"><strong>La Sapini\u00e8re<\/strong><\/p>\n<p>[\/vc_column_text][\/vc_column_inner][vc_column_inner el_class=&#8221;block-courses-container&#8221; width=&#8221;1\/4&#8243;][vc_column_text el_class=&#8221;block-courses&#8221;]<img loading=\"lazy\" class=\"wp-image-29 size-full aligncenter\" src=\"https:\/\/sportips.fr\/presentation-course\/wp-content\/uploads\/2018\/09\/deniv.png\" alt=\"\" width=\"30\" height=\"30\" \/><\/p>\n<p class=\"block-courses-titre\" style=\"text-align: center;\">D\u00e9nivel\u00e9<\/p>\n<p class=\"block-courses-value\" style=\"text-align: center;\">3300m D+ \/ 1690m D+<\/p>\n<p>[\/vc_column_text][\/vc_column_inner][\/vc_row_inner][vc_empty_space height=&#8221;50px&#8221;][vc_row_inner el_id=&#8221;row-date&#8221;][vc_column_inner width=&#8221;1\/3&#8243;][\/vc_column_inner][vc_column_inner el_class=&#8221;block-date&#8221; width=&#8221;1\/3&#8243;][vc_column_text el_class=&#8221;block-date&#8221;]<\/p>\n<p style=\"text-align: center;\">03\/08\/2025<\/p>\n<p>[\/vc_column_text][\/vc_column_inner][vc_column_inner width=&#8221;1\/3&#8243;][\/vc_column_inner][\/vc_row_inner][vc_empty_space height=&#8221;50px&#8221;][vc_row_inner el_id=&#8221;row-download&#8221;][vc_column_inner width=&#8221;1\/5&#8243;][\/vc_column_inner][vc_column_inner width=&#8221;1\/5&#8243;][vc_column_text]<a href=\"https:\/\/sportips.fr\/presentation-course\/?ddownload=1107\" title=\"GPX Grand Parcours \" rel=\"nofollow\" class=\"ddownload-button button-blue id-1107 ext-gpx\">GPX Grand Parcours <\/a><\/p>\n<div id=\"gtx-trans\" style=\"position: absolute; left: 293px; top: 29px;\">\n<div class=\"gtx-trans-icon\"><\/div>\n<\/div>\n<p>[\/vc_column_text][\/vc_column_inner][vc_column_inner width=&#8221;1\/5&#8243;][vc_column_text]<a href=\"https:\/\/sportips.fr\/presentation-course\/?ddownload=1106\" title=\"GPX Petit Parcours \" rel=\"nofollow\" class=\"ddownload-button button-blue id-1106 ext-gpx\">GPX Petit Parcours <\/a><\/p>\n<div id=\"gtx-trans\" style=\"position: absolute; left: 293px; top: 29px;\">\n<div class=\"gtx-trans-icon\"><\/div>\n<\/div>\n<p>[\/vc_column_text][\/vc_column_inner][vc_column_inner width=&#8221;1\/5&#8243;][vc_column_text]<a href=\"https:\/\/sportips.fr\/presentation-course\/?ddownload=1228\" title=\"R\u00e8glement\" rel=\"nofollow\" class=\"ddownload-button button-blue id-1228 ext-pdf\">R\u00e8glement<\/a>[\/vc_column_text][\/vc_column_inner][vc_column_inner width=&#8221;1\/5&#8243;][\/vc_column_inner][\/vc_row_inner][\/vc_column][\/vc_row][vc_row full_width=&#8221;true&#8221; bg_type=&#8221;image&#8221; parallax_style=&#8221;vcpb-vz-jquery&#8221; bg_image_new=&#8221;id^832|url^https:\/\/sportips.fr\/presentation-course\/wp-content\/uploads\/2020\/02\/Fond-site.jpg|caption^null|alt^null|title^Fond site|description^null&#8221; bg_image_repeat=&#8221;no-repeat&#8221; bg_img_attach=&#8221;fixed&#8221; parallax_sense=&#8221;1.5&#8243; bg_override=&#8221;full&#8221;][vc_column][vc_row_inner el_id=&#8221;row-content&#8221; css=&#8221;.vc_custom_1536917465263{background-color: rgba(255,255,255,0.01) !important;*background-color: rgb(255,255,255) !important;}&#8221;][vc_column_inner width=&#8221;1\/6&#8243;][\/vc_column_inner][vc_column_inner el_class=&#8221;block-content&#8221; width=&#8221;2\/3&#8243;][vc_empty_space height=&#8221;10px&#8221;]<div id=\"ultimate-heading-74516a049515a3697\" class=\"uvc-heading ult-adjust-bottom-margin ultimate-heading-74516a049515a3697 uvc-7460 \" data-hspacer=\"line_only\"  data-halign=\"center\" style=\"text-align:center\"><div class=\"uvc-main-heading ult-responsive\"  data-ultimate-target='.uvc-heading.ultimate-heading-74516a049515a3697 h1'  data-responsive-json-new='{\"font-size\":\"desktop:40px;\",\"line-height\":\"\"}' ><h1 style=\"font-weight:bold;color:#0a0a0a;\">PRESENTATION<\/h1><\/div><div class=\"uvc-heading-spacer line_only\" style=\"margin-bottom:20px;height:3px;\"><span class=\"uvc-headings-line\" style=\"border-style:solid;border-bottom-width:3px;border-color:#41a526;width:50px;\"><\/span><\/div><\/div>[vc_column_text]<\/p>\n<h3 style=\"text-align: center;\"><a href=\"https:\/\/sportips.fr\/3COL23\/\"><strong>INSCRIPTION EN LIGNE<\/strong><\/a><\/h3>\n<p>&nbsp;<\/p>\n<p class=\"font_8\">L&#8217;\u00e9dition 2025 est programm\u00e9e le dimanche 3 ao\u00fbt 2025.<\/p>\n<p class=\"font_8\">Nous esp\u00e9rons de tout c\u0153ur pouvoir accueillir \u00e0 nouveau les randonneurs pour cette belle f\u00eate.<\/p>\n<p class=\"font_8\">Cette 48\u00e8me \u00e9dition se d\u00e9roulera dans le sens pr\u00e9vu en 2025 \u00e0 savoir <strong>Col d&#8217;Allos<\/strong><strong> \u2013\u00a0<\/strong><strong>Col des Champs<\/strong><strong> \u2013\u00a0<\/strong><strong>Col <\/strong><strong>de la Cayolle .\u00a0<\/strong><\/p>\n<h2 class=\"font_2\">Tarif inscription en ligne :<\/h2>\n<p class=\"font_8\">Grand parcours licenci\u00e9s : 29 \u20ac, non licenci\u00e9s : 32 \u20ac<\/p>\n<p class=\"font_8\">Petit \u00a0parcours \u00a0licenci\u00e9s. : 25 \u20ac, non licenci\u00e9s : 27 \u20ac<\/p>\n<p style=\"font-weight: 400;\">INSCRIPTION EN LIGNE JUSQU\u2019AU\u00a0<strong>VENDREDI 1 AO\u00dbT 20h00<\/strong><\/p>\n<p>&nbsp;<\/p>\n<p style=\"font-weight: 400;\">INSCRIPTION sur place possible le samedi 2 ao\u00fbt<\/p>\n<p class=\"font_8\">Inscriptions possibles le dimanche 3 ao\u00fbt<\/p>\n<p>[\/vc_column_text][vc_column_text]<img class=\"aligncenter\" src=\"https:\/\/sportips.fr\/presentation-course\/wp-content\/uploads\/2020\/02\/CCU-Ubaye.png\" \/>[\/vc_column_text][vc_empty_space height=&#8221;50px&#8221;][vc_single_image image=&#8221;1225&#8243; img_size=&#8221;full&#8221; alignment=&#8221;center&#8221;][vc_empty_space height=&#8221;50px&#8221;][vc_empty_space height=&#8221;50px&#8221;][vc_column_text]Pour rejoindre les diff\u00e9rents ravitaillements du parcours, cliquez sur le logo et lancez votre itin\u00e9raire.\u00a0\u00a0<a href=\"http:\/\/sportips.fr\/presentation-course\/wp-content\/uploads\/2018\/10\/Plaquette-Guidage-Google.jpg\" target=\"_blank\" rel=\"noopener\">Aide Guidage Map<\/a>[\/vc_column_text][vc_raw_html]JTNDaWZyYW1lJTIwc3JjJTNEJTIyaHR0cHMlM0ElMkYlMkZ3d3cuZ29vZ2xlLmNvbSUyRm1hcHMlMkZkJTJGdSUyRjQlMkZlbWJlZCUzRm1pZCUzRDFXLU1wOFRVcGRmX2lsZ0NFcG15ZGZPWFRUTjN4YWVuZiUyNmVoYmMlM0QyRTMxMkYlMjIlMjBzdHlsZSUzRCUyMndpZHRoJTNBMTAwJTI1JTNCaGVpZ2h0JTNBNjAwcHglM0IlMjIlM0UlM0MlMkZpZnJhbWUlM0U=[\/vc_raw_html][vc_empty_space height=&#8221;50px&#8221;][\/vc_column_inner][vc_column_inner width=&#8221;1\/6&#8243;][\/vc_column_inner][\/vc_row_inner][vc_empty_space height=&#8221;100px&#8221;][vc_row_inner css=&#8221;.vc_custom_1536917153449{background-color: rgba(12,12,12,0.43) !important;*background-color: rgb(12,12,12) !important;}&#8221;][vc_column_inner]<div id=\"ultimate-heading-35736a049515a370a\" class=\"uvc-heading ult-adjust-bottom-margin ultimate-heading-35736a049515a370a uvc-9520 \" data-hspacer=\"line_only\"  data-halign=\"center\" style=\"text-align:center\"><div class=\"uvc-main-heading ult-responsive\"  data-ultimate-target='.uvc-heading.ultimate-heading-35736a049515a370a h2'  data-responsive-json-new='{\"font-size\":\"\",\"line-height\":\"\"}' ><h2 style=\"font-weight:bold;color:#ffffff;\">PARTENAIRES<\/h2><\/div><div class=\"uvc-heading-spacer line_only\" style=\"topheight:3px;\"><span class=\"uvc-headings-line\" style=\"border-style:solid;border-bottom-width:3px;border-color:#dd9933;width:50px;\"><\/span><\/div><\/div>[vc_empty_space height=&#8221;20px&#8221;]<div id=\"ult-carousel-9534089436a049515a3842\" class=\"ult-carousel-wrapper  carroussel-partenaires ult_horizontal\" data-gutter=\"15\" data-rtl=\"false\" ><div class=\"ult-carousel-17615534366a049515a3770 \" >[vc_single_image image=&#8221;817&#8243; img_size=&#8221;full&#8221; alignment=&#8221;center&#8221; onclick=&#8221;custom_link&#8221; link=&#8221;https:\/\/www.ccvusp.fr\/&#8221;][vc_single_image image=&#8221;818&#8243; img_size=&#8221;full&#8221; alignment=&#8221;center&#8221; onclick=&#8221;custom_link&#8221; link=&#8221;https:\/\/www.ubaye.com\/&#8221;][vc_single_image image=&#8221;819&#8243; img_size=&#8221;full&#8221; alignment=&#8221;center&#8221; onclick=&#8221;custom_link&#8221; link=&#8221;https:\/\/www.barcelonnette.com\/&#8221;][vc_single_image image=&#8221;820&#8243; img_size=&#8221;full&#8221; alignment=&#8221;center&#8221; onclick=&#8221;custom_link&#8221; link=&#8221;http:\/\/www.mercantour-parcnational.fr\/fr&#8221;][vc_single_image image=&#8221;822&#8243; img_size=&#8221;full&#8221; alignment=&#8221;center&#8221;][vc_single_image image=&#8221;825&#8243; img_size=&#8221;full&#8221; alignment=&#8221;center&#8221; onclick=&#8221;custom_link&#8221; link=&#8221;https:\/\/www.credit-agricole.fr\/ca-pca\/particulier.html&#8221;][vc_single_image image=&#8221;827&#8243; img_size=&#8221;full&#8221; alignment=&#8221;center&#8221;][vc_single_image image=&#8221;828&#8243; img_size=&#8221;full&#8221; alignment=&#8221;center&#8221; onclick=&#8221;custom_link&#8221; link=&#8221;https:\/\/www.lamexicaine.com\/&#8221;][vc_single_image image=&#8221;829&#8243; img_size=&#8221;full&#8221; alignment=&#8221;center&#8221; onclick=&#8221;custom_link&#8221; link=&#8221;https:\/\/www.facebook.com\/techniciendusport.jausiers\/&#8221;][vc_single_image image=&#8221;850&#8243; img_size=&#8221;full&#8221; alignment=&#8221;center&#8221; onclick=&#8221;custom_link&#8221; link=&#8221;http:\/\/cycleubaye-sports.com\/&#8221;][vc_single_image image=&#8221;842&#8243; img_size=&#8221;full&#8221; alignment=&#8221;center&#8221;]<\/div><\/div>            <script type=\"text\/javascript\">\n\t\t\t\tjQuery(document).ready(function($){\n               \t\t$('.ult-carousel-17615534366a049515a3770').slick({dots: true,autoplay: true,autoplaySpeed: 5000,speed: 300,infinite: true,arrows: false,slidesToScroll:6,slidesToShow:6,swipe: true,draggable: true,touchMove: true,responsive: [\n\t\t\t\t\t\t\t{\n\t\t\t\t\t\t\t  breakpoint: 1025,\n\t\t\t\t\t\t\t  settings: {\n\t\t\t\t\t\t\t\tslidesToShow: 6,\n\t\t\t\t\t\t\t\tslidesToScroll: 6,  \n\t\t\t\t\t\t\t  }\n\t\t\t\t\t\t\t},\n\t\t\t\t\t\t\t{\n\t\t\t\t\t\t\t  breakpoint: 769,\n\t\t\t\t\t\t\t  settings: {\n\t\t\t\t\t\t\t\tslidesToShow: 5,\n\t\t\t\t\t\t\t\tslidesToScroll: 5\n\t\t\t\t\t\t\t  }\n\t\t\t\t\t\t\t},\n\t\t\t\t\t\t\t{\n\t\t\t\t\t\t\t  breakpoint: 481,\n\t\t\t\t\t\t\t  settings: {\n\t\t\t\t\t\t\t\tslidesToShow: 3,\n\t\t\t\t\t\t\t\tslidesToScroll: 3\n\t\t\t\t\t\t\t  }\n\t\t\t\t\t\t\t}\n\t\t\t\t\t\t],pauseOnHover: true,\n\t\t\t\t\t\tpauseOnDotsHover: true,customPaging: function(slider, i) {\n                   return '<i type=\"button\" style=\"color:#dd9933;\" class=\"ultsl-record\" data-role=\"none\"><\/i>';\n                },});\n\t\t\t\t});\n\t\t\t<\/script>\n            [\/vc_column_inner][\/vc_row_inner][\/vc_column][\/vc_row][vc_row][vc_column][\/vc_column][\/vc_row]<\/p>\n","protected":false},"excerpt":{"rendered":"<p>[vc_row bg_type=&#8221;image&#8221; parallax_style=&#8221;vcpb-default&#8221; bg_image_new=&#8221;id^814|url^https:\/\/sportips.fr\/presentation-course\/wp-content\/uploads\/2020\/02\/3-cols-2019-web.jpg|caption^null|alt^null|title^3 cols 2019 web|description^null&#8221; bg_image_repeat=&#8221;no-repeat&#8221; bg_override=&#8221;full&#8221; el_class=&#8221;section-header&#8221;][vc_column][vc_empty_space height=&#8221;50px&#8221;][vc_row_inner el_id=&#8221;row-liens-course&#8221;][vc_column_inner width=&#8221;1\/3&#8243;][vc_btn title=&#8221;Facebook&#8221; style=&#8221;classic&#8221; shape=&#8221;square&#8221; color=&#8221;green&#8221; size=&#8221;lg&#8221; align=&#8221;right&#8221; link=&#8221;url:https%3A%2F%2Fwww.facebook.com%2Fclub.cycliste.ubaye%2F&#8221;][\/vc_column_inner][vc_column_inner width=&#8221;1\/3&#8243;][vc_btn title=&#8221;Site Web&#8221; style=&#8221;classic&#8221; shape=&#8221;square&#8221; color=&#8221;green&#8221; size=&#8221;lg&#8221; align=&#8221;center&#8221; link=&#8221;url:http%3A%2F%2Fwww.club-cycliste-ubaye.com%2F|||&#8221;][\/vc_column_inner][vc_column_inner width=&#8221;1\/3&#8243;][vc_btn title=&#8221;Inscription&#8221; style=&#8221;classic&#8221; shape=&#8221;square&#8221; color=&#8221;green&#8221; size=&#8221;lg&#8221; align=&#8221;left&#8221; link=&#8221;url:https%3A%2F%2Fsportips.fr%2F3COL25%2F|target:_blank&#8221;][\/vc_column_inner][\/vc_row_inner][\/vc_column][\/vc_row][vc_row bg_type=&#8221;bg_color&#8221; bg_override=&#8221;full&#8221; bg_color_value=&#8221;#332929&#8243;][vc_column][vc_empty_space height=&#8221;50px&#8221;][vc_row_inner equal_height=&#8221;yes&#8221; el_id=&#8221;row-block-courses&#8221;][vc_column_inner el_class=&#8221;block-courses-container&#8221; width=&#8221;1\/4&#8243;][vc_column_text el_class=&#8221;block-courses&#8221;] Distance 122km \/ 59km [\/vc_column_text][\/vc_column_inner][vc_column_inner el_class=&#8221;block-courses-container&#8221; width=&#8221;1\/4&#8243;][vc_column_text el_class=&#8221;block-courses&#8221;] Participants&hellip;<\/p>\n","protected":false},"author":1,"featured_media":0,"parent":0,"menu_order":0,"comment_status":"closed","ping_status":"closed","template":"","meta":[],"_links":{"self":[{"href":"https:\/\/sportips.fr\/presentation-course\/wp-json\/wp\/v2\/pages\/788"}],"collection":[{"href":"https:\/\/sportips.fr\/presentation-course\/wp-json\/wp\/v2\/pages"}],"about":[{"href":"https:\/\/sportips.fr\/presentation-course\/wp-json\/wp\/v2\/types\/page"}],"author":[{"embeddable":true,"href":"https:\/\/sportips.fr\/presentation-course\/wp-json\/wp\/v2\/users\/1"}],"replies":[{"embeddable":true,"href":"https:\/\/sportips.fr\/presentation-course\/wp-json\/wp\/v2\/comments?post=788"}],"version-history":[{"count":100,"href":"https:\/\/sportips.fr\/presentation-course\/wp-json\/wp\/v2\/pages\/788\/revisions"}],"predecessor-version":[{"id":1230,"href":"https:\/\/sportips.fr\/presentation-course\/wp-json\/wp\/v2\/pages\/788\/revisions\/1230"}],"wp:attachment":[{"href":"https:\/\/sportips.fr\/presentation-course\/wp-json\/wp\/v2\/media?parent=788"}],"curies":[{"name":"wp","href":"https:\/\/api.w.org\/{rel}","templated":true}]}}